{"id":209,"date":"2023-12-28T10:49:09","date_gmt":"2023-12-28T13:49:09","guid":{"rendered":"http:\/\/unidiversidadeuva.com.br\/?page_id=209"},"modified":"2023-12-28T10:52:30","modified_gmt":"2023-12-28T13:52:30","slug":"coletivo-lgbt","status":"publish","type":"page","link":"https:\/\/unidiversidadeuva.com.br\/index.php\/coletivos\/coletivo-lgbt\/","title":{"rendered":"Coletivo LGBT"},"content":{"rendered":"\t\t<div data-elementor-type=\"wp-page\" data-elementor-id=\"209\" class=\"elementor elementor-209\" data-elementor-post-type=\"page\">\n\t\t\t\t\t\t<section class=\"elementor-section elementor-top-section elementor-element elementor-element-7fd1087 elementor-section-boxed elementor-section-height-default elementor-section-height-default wpr-particle-no wpr-jarallax-no wpr-parallax-no wpr-sticky-section-no\" data-id=\"7fd1087\" data-element_type=\"section\" data-e-type=\"section\">\n\t\t\t\t\t\t<div class=\"elementor-container elementor-column-gap-wider\">\n\t\t\t\t\t<div class=\"elementor-column elementor-col-100 elementor-top-column elementor-element elementor-element-b398c69\" data-id=\"b398c69\" data-element_type=\"column\" data-e-type=\"column\">\n\t\t\t<div class=\"elementor-widget-wrap elementor-element-populated\">\n\t\t\t\t\t\t<div class=\"elementor-element elementor-element-9823645 elementor-widget elementor-widget-heading\" data-id=\"9823645\" data-element_type=\"widget\" data-e-type=\"widget\" data-widget_type=\"heading.default\">\n\t\t\t\t<div class=\"elementor-widget-container\">\n\t\t\t\t\t<h1 class=\"elementor-heading-title elementor-size-default\">Arcoirizando na UVA<\/h1>\t\t\t\t<\/div>\n\t\t\t\t<\/div>\n\t\t\t\t\t<\/div>\n\t\t<\/div>\n\t\t\t\t\t<\/div>\n\t\t<\/section>\n\t\t\t\t<section class=\"elementor-section elementor-top-section elementor-element elementor-element-2deab78 elementor-section-boxed elementor-section-height-default elementor-section-height-default wpr-particle-no wpr-jarallax-no wpr-parallax-no wpr-sticky-section-no\" data-id=\"2deab78\" data-element_type=\"section\" data-e-type=\"section\">\n\t\t\t\t\t\t<div class=\"elementor-container elementor-column-gap-default\">\n\t\t\t\t\t<div class=\"elementor-column elementor-col-100 elementor-top-column elementor-element elementor-element-23eaab6\" data-id=\"23eaab6\" data-element_type=\"column\" data-e-type=\"column\">\n\t\t\t<div class=\"elementor-widget-wrap elementor-element-populated\">\n\t\t\t\t\t\t<div class=\"elementor-element elementor-element-86f474e animated-slow elementor-invisible elementor-widget elementor-widget-text-editor\" data-id=\"86f474e\" data-element_type=\"widget\" data-e-type=\"widget\" data-settings=\"{&quot;_animation&quot;:&quot;fadeIn&quot;}\" data-widget_type=\"text-editor.default\">\n\t\t\t\t<div class=\"elementor-widget-container\">\n\t\t\t\t\t\t\t\t\t<p>O Brasil \u00e9 o pa\u00eds que mais mata pessoas da comunidade\u00a0 LGBTQIAPN+ (L\u00e9sbicas, Gays, Bi, Trans, Queer\/Questionando, Intersexo, Assexuais\/Arrom\u00e2nticas\/Ag\u00eanero, Pan\/Poli, N\u00e3o-bin\u00e1rias e mais). <strong>\u00a0<\/strong>O que a Universidade brasileira est\u00e1 fazendo para mudar essa realidade? Muitas coisas devem ser feitas para a inclus\u00e3o da diversidade na cultura acad\u00eamica, principalmente o compromisso da universidade reconhecer os saberes e formas de exist\u00eancias da comunidade LGBTQIAPN+.<\/p><p>Visando informar, conscientizar, compartilhar conhecimentos e ouvir as experiencias e demandas dos estudantes da comunidade LGBTQIAPN+ da UVA, o Programa de Extens\u00e3o Unidiversidade promoveu, por meio do @arcorizandonauva e das a\u00e7\u00f5es de extens\u00e3o dos alunos do curso de pedagogia\/UVA, intera\u00e7\u00f5es com estudantes da Universidade, afim de construir um espa\u00e7o democr\u00e1tico de compartilhamento de viv\u00eancias e conhecimentos. Um dos resultados das a\u00e7\u00f5es, foi a produ\u00e7\u00e3o de um document\u00e1rio sobre uma atividade que ocorreu no curso de Pedagogia. Reunidos em uma roda de conversa, estudantes LGBTQIAPN+ participaram de uma <em>Conversidade<\/em>. Relatando viv\u00eancias e experi\u00eancias dentro do ambiente universit\u00e1rio da UVA. Acesse o Link : <a href=\"https:\/\/www.youtube.com\/watch?v=AxbeNO-WM7Y\">https:\/\/www.youtube.com\/watch?v=AxbeNO-WM7Y<\/a><\/p>\t\t\t\t\t\t\t\t<\/div>\n\t\t\t\t<\/div>\n\t\t\t\t<div class=\"elementor-element elementor-element-e618cbf elementor-widget__width-initial elementor-widget elementor-widget-video\" data-id=\"e618cbf\" data-element_type=\"widget\" data-e-type=\"widget\" data-settings=\"{&quot;youtube_url&quot;:&quot;https:\\\/\\\/www.youtube.com\\\/watch?v=AxbeNO-WM7Y&quot;,&quot;video_type&quot;:&quot;youtube&quot;,&quot;controls&quot;:&quot;yes&quot;}\" data-widget_type=\"video.default\">\n\t\t\t\t<div class=\"elementor-widget-container\">\n\t\t\t\t\t\t\t<div class=\"elementor-wrapper elementor-open-inline\">\n\t\t\t<div class=\"elementor-video\"><\/div>\t\t<\/div>\n\t\t\t\t\t\t<\/div>\n\t\t\t\t<\/div>\n\t\t\t\t\t<\/div>\n\t\t<\/div>\n\t\t\t\t\t<\/div>\n\t\t<\/section>\n\t\t\t\t<\/div>\n\t\t","protected":false},"excerpt":{"rendered":"<p>Arcoirizando na UVA O Brasil \u00e9 o pa\u00eds que mais mata pessoas da comunidade\u00a0 LGBTQIAPN+ (L\u00e9sbicas, Gays, Bi, Trans, Queer\/Questionando, Intersexo, Assexuais\/Arrom\u00e2nticas\/Ag\u00eanero, Pan\/Poli, N\u00e3o-bin\u00e1rias e mais). \u00a0O que a Universidade brasileira est\u00e1 fazendo para mudar essa realidade? Muitas coisas devem ser feitas para a inclus\u00e3o da diversidade na cultura acad\u00eamica, principalmente o compromisso da universidade reconhecer os saberes e formas de exist\u00eancias da comunidade LGBTQIAPN+. Visando informar, conscientizar, compartilhar conhecimentos e ouvir as experiencias e demandas dos estudantes da comunidade LGBTQIAPN+ da UVA, o Programa de Extens\u00e3o Unidiversidade promoveu, por meio do @arcorizandonauva e das a\u00e7\u00f5es de extens\u00e3o dos alunos do curso de pedagogia\/UVA, intera\u00e7\u00f5es com estudantes da Universidade, afim de construir um espa\u00e7o democr\u00e1tico de compartilhamento de viv\u00eancias e conhecimentos. Um dos resultados das a\u00e7\u00f5es, foi a produ\u00e7\u00e3o de um document\u00e1rio sobre uma atividade que ocorreu no curso de Pedagogia. Reunidos em uma roda de conversa, estudantes LGBTQIAPN+ participaram de uma Conversidade. Relatando viv\u00eancias e experi\u00eancias dentro do ambiente universit\u00e1rio da UVA. Acesse o Link : https:\/\/www.youtube.com\/watch?v=AxbeNO-WM7Y https:\/\/www.youtube.com\/watch?v=AxbeNO-WM7Y<\/p>\n","protected":false},"author":1,"featured_media":0,"parent":149,"menu_order":0,"comment_status":"closed","ping_status":"closed","template":"page-templates\/template-pagebuilder-full-width.php","meta":{"neve_meta_sidebar":"","neve_meta_container":"","neve_meta_enable_content_width":"","neve_meta_content_width":0,"neve_meta_title_alignment":"","neve_meta_author_avatar":"","neve_post_elements_order":"","neve_meta_disable_header":"","neve_meta_disable_footer":"","neve_meta_disable_title":"","footnotes":""},"class_list":["post-209","page","type-page","status-publish","hentry"],"_links":{"self":[{"href":"https:\/\/unidiversidadeuva.com.br\/index.php\/wp-json\/wp\/v2\/pages\/209"}],"collection":[{"href":"https:\/\/unidiversidadeuva.com.br\/index.php\/wp-json\/wp\/v2\/pages"}],"about":[{"href":"https:\/\/unidiversidadeuva.com.br\/index.php\/wp-json\/wp\/v2\/types\/page"}],"author":[{"embeddable":true,"href":"https:\/\/unidiversidadeuva.com.br\/index.php\/wp-json\/wp\/v2\/users\/1"}],"replies":[{"embeddable":true,"href":"https:\/\/unidiversidadeuva.com.br\/index.php\/wp-json\/wp\/v2\/comments?post=209"}],"version-history":[{"count":4,"href":"https:\/\/unidiversidadeuva.com.br\/index.php\/wp-json\/wp\/v2\/pages\/209\/revisions"}],"predecessor-version":[{"id":213,"href":"https:\/\/unidiversidadeuva.com.br\/index.php\/wp-json\/wp\/v2\/pages\/209\/revisions\/213"}],"up":[{"embeddable":true,"href":"https:\/\/unidiversidadeuva.com.br\/index.php\/wp-json\/wp\/v2\/pages\/149"}],"wp:attachment":[{"href":"https:\/\/unidiversidadeuva.com.br\/index.php\/wp-json\/wp\/v2\/media?parent=209"}],"curies":[{"name":"wp","href":"https:\/\/api.w.org\/{rel}","templated":true}]}}